 number?
False
Let i = 1296 + 397. Is i a composite number?
False
Let p = 39843 + -27344. Is p prime?
False
Let y be (-117)/(1*3/(-15)). Let t = -292 + y. Is t prime?
True
Let s(k) = -1. Let y(l) = 34*l - 17. Let c(i) = -2*s(i) - y(i). Is c(-7) a prime number?
True
Let z(w) = 3 - 4 - 4 + 14*w - 10*w + 41*w**3 + 2*w**2. Suppose -5*l + 2 = -3*t + 1, l = -2*t + 8. Is z(l) a prime number?
False
Suppose r - 2 = -0*r. Suppose -r*j = j - 237. Is j composite?
False
Suppose 59*n - 165979 = 48*n. Is n a prime number?
False
Is (-5178)/9*(-5 - 7/(-2)) a composite number?
False
Let m(c) = 13*c**2 - c - 1. Let n be m(-1). Suppose -5*a = -n - 12. Is (-58)/4*-2*a a composite number?
True
Let h be 12/(-10)*160/(-12). Suppose 0*u = -4*u + h. Suppose -5*m = 0, -i - u*m = 2*i - 555. Is i a composite number?
True
Is (-2)/6*(-42)/(-6)*-48903 a prime number?
False
Let j(w) = -3*w + 924. Let s be j(0). Suppose s - 310 = 2*b. Is b prime?
True
Let y(p) = 1010*p**3 - p + 2. Let n be y(1). Let r = -592 + n. Is r prime?
True
Let j be -20 + 24 + 370 + -1. Let o = j - 196. Is o a composite number?
True
Suppose 0 = t + t. Suppose 5*c - x = 382, -3*c + c + 4*x + 142 = t. Is c a prime number?
False
Suppose 0 = -5*n + 13 - 3. Let j be (-3)/(0 + 1 - n). Suppose 69 - 484 = -w + 5*k, j*w - 4*k - 1245 = 0. Is w prime?
False
Let p = -1122 + 3011. Is p composite?
False
Let t be ((-702)/24)/(2/32). Let d = t + 855. Suppose -3*h + 3*u = -d, 4*h - 744 + 226 = 5*u. Is h prime?
True
Suppose -5*l + 4*j = 39773, 39335 + 465 = -5*l - 5*j. Is l/(-5) + 8/(-20) prime?
False
Suppose 2*k - 18 = -k. Let b(u) = 5*u - 10. Let j be b(k). Let z = 66 - j. Is z a composite number?
True
Let w(y) = -411*y - 23. Is w(-4) composite?
False
Suppose 1571 = 2*x + p, 5*x - 6*x + 4*p + 799 = 0. Is x composite?
False
Let x(r) = 1 + 36*r - 4 - 4 + 34*r. Let d be x(-5). Is -2 + 4 - d/3 prime?
False
Suppose -5*v = -5*j + 405, 2*j = -3*v - 201 - 67. Let u be (30 + (-2 - -3))/(-1). Let q = u - v. Is q a prime number?
False
Suppose 0 = -4*b - 5*z + 2*z + 201, -5*b + z = -275. Suppose -3*s + 5*p = s + 75, -3*p + b = -3*s. Let h = s + 68. Is h a composite number?
False
Suppose 8*r = 4*r - 108. Let b(o) = o**3 + 27*o**2 - 20*o - 5. Is b(r) a prime number?
False
Let j = 12769 + -1682. Is j composite?
False
Suppose 10*y - 25 = 5*y. Suppose -y*r = -2 - 13. Suppose r*c - 92 - 85 = 0. Is c prime?
True
Let m(c) = 5*c**2 + 5*c + 1. Is m(13) a prime number?
True
Let y be ((-2)/3)/((-8)/(-108)). Let d = 13 + y. Is d a prime number?
False
Let n(d) = 4*d - 6 - 12 + 0*d + 3. Let y be n(5). Suppose -941 - 69 = -y*m. Is m a prime number?
False
Let g = -27 - -30. Suppose g*d - 548 = d. Is d prime?
False
Let x = -21 - -21. Suppose -4*u = -x*u. Suppose 3*j - j - 2*k - 96 = u, 2*j - 3*k = 97. Is j composite?
False
Let q be 0 - (-3 + 6 + -433). Suppose -q = -2*n + 5*v, 512 + 152 = 3*n + 2*v. Suppose 6*l - n - 542 = 0. Is l a prime number?
True
Let z(s) = -58*s**2 + 10. Let u be z(5). Let g = -539 - u. Is g prime?
False
Suppose 6*a - 9*a + 12 = 0. Suppose 0*x = a*x - 2012. Is x a composite number?
False
Let j be (-44)/(-20) - 3/15. Suppose -3*y = j*y. Suppose 4*n + 2*t - 212 = y, 0*t - 5*t + 159 = 3*n. Is n prime?
True
Let c = 9 + -16. Let n be (-2)/(-14) - 55/c. Suppose -n = -z + 2*v, z - 8 = -2*v + 12. Is z a prime number?
False
Let g(k) = k**2 + 3*k - 5. Let w be g(-7). Suppose w*p = 25*p - 158. Is p composite?
False
Suppose -5*c = -2*a + 1162 - 460, -4*a + 3*c + 1376 = 0. Suppose 2*z = i - a, -i - 11 = 3*z - 327. Is i prime?
True
Let b = -7922 - -19716. Is b composite?
True
Let s = 11 + -7. Suppose 0*r = -s*r - 168. Let x = r + 97. Is x a prime number?
False
Suppose -812 = -136*n + 150*n. Suppose -5*j + 6*j - b = 109, -5*j + 4*b + 549 = 0. Let l = j + n. Is l composite?
True
Suppose -53 = -4*t - b, -19 - 18 = -t - 5*b. Suppose -3*h + h = t. Let r(n) = -n**3 - 4*n**2 - 2*n - 1. Is r(h) a composite number?
False
Suppose -11*f = 2*f - 47983. Is f prime?
True
Suppose -10*c + 8355 = -10735. Is c prime?
False
Suppose 2*q - 4316 = 3*l, -l = 4*q + 3*l - 8652. Is q prime?
True
Suppose -1 = 2*m - 3. Let j(d) = 131*d**2 - 1. Let s be j(m). Suppose -f + s = f. Is f a prime number?
False
Let f(w) = -28*w**3 - 5*w**2 - 3*w. Suppose 0*r - 12 = 4*r. Let g be f(r). Suppose 5*s - 2*m - m = g, m = -5. Is s a composite number?
True
Let s(j) be the second derivative of 215*j**3 - j**2/2 - 23*j. Is s(2) a prime number?
True
Suppose 124*a = 119*a - 20. Is ((-1)/a)/((-20)/(-111440)) composite?
True
Let w be (-1806)/18 + (-2)/(-6). Let f be (-12)/(-15)*w/(-8). Suppose 277 = 3*y + f. Is y prime?
True
Let d(z) = -6*z - 3. Let u be d(-1). Suppose -4*r - 5 = -u*r. Is (r - -4) + 1 - -317 a composite number?
False
Suppose 3*x - 13 = 8. Let w be 3*1 - (x + 137). Is 1*6/(-9)*w a prime number?
False
Let q be 1/((-4)/(-10) + (-57)/180). Is (-5010)/(-2) + -14 + q a composite number?
False
Suppose -5*a + 5346 = 2*z - a, 4*a = 4*z - 10740. Is z composite?
True
Let r(v) = -3 - 13*v**2 + 7 + 4*v - 33*v**3 + 12*v**2 + 9*v**3. Is r(-3) composite?
False
Suppose -d + 42 = -2*d + 5*n, -4*d + 5*n - 138 = 0. Let p = d - -53. Is 4080/p - (-2)/(-7) a prime number?
False
Let n(r) = 7*r - 38. Let d be n(6). Let y be 0 + 1 + -1 + 897. Suppose -y + 5 = -d*a. Is a a prime number?
True
Suppose -14100 = -4*m + 24008. Suppose -7*u = -3864 - m. Is u prime?
True
Let v(w) = 8*w**2 + 9*w + 4. Let x be v(-7). Suppose -2*l - x = -11*l. Is l composite?
False
Let t be 1 - (4 + -4) - 0. Is 2 + 304 + 0 + t a composite number?
False
Suppose 5*f - x - 19834 = 0, -2*x + 15870 = -2*f + 6*f. Is f a prime number?
True
Let q(o) = 715*o**3 + 433*o**3 + 4*o**2 - 3*o**2 - 248*o**3. Is q(1) composite?
True
Suppose -z = 5*q - 515 + 2686, -1735 = 4*q - z. Let w = 693 + q. Is w composite?
True
Let g(w) = w**3 - 12*w**2 + w - 10. Suppose -60 = -7*v + 2*v. Let k be g(v). Suppose -4*u - 3*j = -76, k*j + 0*j = -u + 19. Is u a composite number?
False
Let s be 5*((-10)/4 - -2)*-208. Suppose s - 122 = 2*k. Is k prime?
True
Let b = -5 + 8. Let j be ((-15)/9)/(b/(-9)). Suppose 3*y + 206 = j*a, -2*a - 2*a = -5*y - 157. Is a a prime number?
True
Let u(w) = -60*w**2 - 5*w + 2. Let k be u(7). Is (k - 0)*5/(-15) composite?
False
Suppose 20 = -4*q, x - q - 49088 = -2*x. Is x a prime number?
True
Suppose 2*b - 5*z + 7 = 41, -b - 4*z - 9 = 0. Is b prime?
True
Is 10773 + 1 + -1 + -2 a composite number?
False
Is 10/12 + 12289333/798 prime?
True
Let a(g) = -34*g + 9. Let h(n) = n + 1. Let i(u) = a(u) - 3*h(u). Let o be 0 + (2 - 3) - 4. Is i(o) a composite number?
False
Let q(h) = h**3 + 73*h**2 + 22*h - 39. Is q(-25) a composite number?
False
Suppose 0*f + 10*f + 6970 = 0. Let q = 1428 + f. Is q composite?
True
Let f(b) = 26 - 7*b**3 - 7*b**3 - b + 15*b**3 + b**2 + 101. Is f(0) a prime number?
True
Let p(o) = 13*o**2 + 6*o - 14. Let l(t) = 19*t**2 + 9*t - 21. Let x(y) = 5*l(y) - 7*p(y). Is x(4) a composite number?
True
Let v = 3403 + 10398. Is v composite?
True
Suppose -4*k = -2*x + 56, k - 3 = -x - 17. Let j(v) = -v**3 - 13*v**2 + 9*v - 33. Is j(k) composite?
False
Let q(t) = 57*t**2 + 14*t + 599. Is q(-22) composite?
True
Suppose -5*q = 3*n + 2*n - 8165, -4*n - 8 = 0. Suppose -25*i = -12*i - 10582. Suppose -3*t = -4*h - 2*t + q, i = 2*h - 4*t. Is h prime?
True
Let c be 2574 + 7 - 1/1*1. Suppose 5*b = 3*d + 6431, 2*b + 4*d - c = 9*d. Is b prime?
False
Is (17991 + 6 + 1)/2 a composite number?
False
Is (4311 + (8 - 1))/2 prime?
False
Let h(t) = 2*t**2 + 2*t. Let m be h(-2). Suppose m*n = 0, -f - 104 = -2*n - 313. Is f a composite number?
True
Let d(q) = -q**3 - 8*q**2 - 14*q - 7. Let w be d(-6). Suppose -3*y = -5*b - 2075, -5*b - 2690 - 755 = -w*y. Is y a prime number?
False
Suppose -1609 = 3*v + 2*c, v - 2*c - 1074 = 3*v. Let m(r) = -242*r + 10. Let h be m(-5). Let s = h + v. Is s a composite number?
True
Suppose 0*f = 2*f - 6. Suppose 4*v = -5*t + 368, 0 = 7*t - f*t. Suppose 5*z - i = 2*i + v, 4*i = 4. Is z prime?
True
Suppose -5*q + 2*q = 2*o - 113, -q = 3*o - 26. Let j = q + -38. Suppose 3*x = 3, -5*c + x = -j*c - 153. Is c prime?
False
Let h(v) = -2*v**2 + 52*v + 56. Let m be h(27). Suppose -3*q + r + 101 + 14 = 0, 0 = m*q + 3*r - 62. Is q composite?
False
Suppose 0*l - 9 = -l. Let q be (-42)/(-8)*24/l. Let s = q - 4. Is s prime